f 1060?
1
What is the units digit of 111852?
2
What is the hundreds digit of 5547?
5
What is the thousands digit of 1441?
1
What is the hundred thousands digit of 130493?
1
What is the tens digit of 628?
2
What is the hundreds digit of 8112?
1
What is the units digit of 4149?
9
What is the tens digit of 1599?
9
What is the hundreds digit of 14440?
4
What is the thousands digit of 31025?
1
What is the units digit of 1217?
7
What is the hundreds digit of 75892?
8
What is the hundreds digit of 273?
2
What is the hundreds digit of 119?
1
What is the hundred thousands digit of 107482?
1
What is the units digit of 61513?
3
What is the thousands digit of 5116?
5
What is the hundreds digit of 951?
9
What is the tens digit of 458?
5
What is the tens digit of 336?
3
What is the thousands digit of 6043?
6
What is the thousands digit of 2738?
2
What is the thousands digit of 97772?
7
What is the thousands digit of 1300?
1
What is the units digit of 293?
3
What is the thousands digit of 2149?
2
What is the units digit of 1048?
8
What is the units digit of 963?
3
What is the tens digit of 1448?
4
What is the units digit of 131?
1
What is the tens digit of 13164?
6
What is the tens digit of 2142?
4
What is the ten thousands digit of 21024?
2
What is the ten thousands digit of 14337?
1
What is the thousands digit of 43115?
3
What is the ten thousands digit of 23472?
2
What is the thousands digit of 3363?
3
What is the units digit of 9136?
6
What is the thousands digit of 5654?
5
What is the tens digit of 411?
1
What is the hundreds digit of 6327?
3
What is the hundreds digit of 102683?
6
What is the hundreds digit of 2230?
2
What is the thousands digit of 94034?
4
What is the units digit of 297?
7
What is the units digit of 1547?
7
What is the hundreds digit of 3487?
4
What is the units digit of 709?
9
What is the units digit of 8477?
7
What is the units digit of 22572?
2
What is the thousands digit of 12112?
2
What is the tens digit of 8758?
5
What is the hundreds digit of 704?
7
What is the hundreds digit of 7075?
0
What is the units digit of 1968?
8
What is the hundreds digit of 114310?
3
What is the units digit of 612?
2
What is the tens digit of 33741?
4
What is the thousands digit of 155523?
5
What is the units digit of 942?
2
What is the ten thousands digit of 51114?
5
What is the units digit of 604?
4
What is the thousands digit of 22284?
2
What is the units digit of 20725?
5
What is the units digit of 149?
9
What is the thousands digit of 7529?
7
What is the hundreds digit of 4504?
5
What is the hundreds digit of 1245?
2
What is the thousands digit of 3340?
3
What is the tens digit of 840?
4
What is the thousands digit of 44918?
4
What is the thousands digit of 5505?
5
What is the thousands digit of 1455?
1
What is the tens digit of 13116?
1
What is the hundreds digit of 617?
6
What is the hundreds digit of 571?
5
What is the ten thousands digit of 20494?
2
What is the hundreds digit of 5783?
7
What is the hundreds digit of 71207?
2
What is the units digit of 16773?
3
What is the hundreds digit of 829?
8
What is the hundreds digit of 23017?
0
What is the tens digit of 1025?
2
What is the tens digit of 34108?
0
What is the thousands digit of 22149?
2
What is the tens digit of 110?
1
What is the hundred thousands digit of 125373?
1
What is the ten thousands digit of 34952?
3
What is the tens digit of 14917?
1
What is the units digit of 1705?
5
What is the units digit of 1938?
8
What is the units digit of 6192?
2
What is the thousands digit of 62248?
2
What is the units digit of 872?
2
What is the hundreds digit of 6296?
2
What is the tens digit of 25588?
8
What is the thousands digit of 5081?
5
What is the thousands digit of 154899?
4
What is the tens digit of 2953?
5
What is the hundreds digit of 110944?
9
What is the thousands digit of 17621?
7
What is the hundreds digit of 15087?
0
What is the hundreds digit of 707?
7
What is the thousands digit of 2205?
2
What is the thousands digit of 51877?
1
What is the units digit of 3757?
7
What is the tens digit of 3143?
4
What is the units digit of 1280?
0
What is the units digit of 4805?
5
What is the ten thousands digit of 10087?
1
What is the tens digit of 293?
9
What is the hundreds digit of 29469?
4
What is the ten thousands digit of 21875?
2
What is the thousands digit of 1150?
1
What is the tens digit of 83485?
8
What is the tens digit of 1356?
5
What is the units digit of 121610?
0
What is the tens digit of 8497?
9
What is the units digit of 19063?
3
What is the tens digit of 248?
4
What is the tens digit of 26584?
8
What is the hundreds digit of 848?
8
What is the thousands digit of 4668?
4
What is the units digit of 8254?
4
What is the units digit of 18873?
3
What is the thousands digit of 4196?
4
What is the ten thousands digit of 177214?
7
What is the tens digit of 2258?
5
What is the hundreds digit of 4078?
0
What is the hundreds digit of 11006?
0
What is the units digit of 708?
8
What is the thousands digit of 167680?
7
What is the tens digit of 2781?
8
What is the tens digit of 1022?
2
What is the thousands digit of 2145?
2
What is the units digit of 21900?
0
What is the tens digit of 117?
1
What is the tens digit of 7581?
8
What is the tens digit of 10637?
3
What is the hundreds digit of 728?
7
What is the hundreds digit of 5837?
8
What is the hundreds digit of 9401?
4
What is the units digit of 43?
3
What is the units digit of 44195?
5
What is the ten thousands digit of 16585?
1
What is the hundreds digit of 94719?
7
What is the units digit of 39253?
3
What is the hundreds digit of 753?
7
What is the ten thousands digit of 51558?
5
What is the tens digit of 63639?
3
What is the units digit of 22032?
2
What is the hundreds digit of 5658?
6
What is the hundreds digit of 1568?
5
What is the tens digit of 956?
5
What is the units digit of 1645?
5
What is the tens digit of 8107?
0
What is the hundreds digit of 15938?
9
What is the thousands digit of 2940?
2
What is the thousands digit of 1352?
1
What is the tens digit of 77202?
0
What is the ten thousands digit of 91175?
9
What is the thousands digit of 19728?
9
What is the units digit of 1778?
8
What is the units digit of 1805?
5
What is the tens digit of 902?
0
What is the thousands digit of 15063?
5
What is the hundreds digit of 564?
5
What is the tens digit of 4740?
4
What is the tens digit of 10009?
0
What is the tens digit of 3350?
5
What is the tens digit of 299?
9
What is the hundreds digit of 5045?
0
What is the units digit of 90739?
9
What is the tens digit of 750?
5
What is the units digit of 633?
3
What is the units digit of 38517?
7
What is the units digit of 41660?
0
What is the units digit of 1139?
9
What is the units digit of 4445?
5
What is the thousands digit of 1326?
1
What is the hundreds digit of 4592?
5
What is the tens digit of 529?
2
What is the ten thousands digit of 30082?
3
What is the units digit of 23271?
1
What is the tens digit of 67416?
1
What is the units digit of 433?
3
What is the units digit of 967?
7
What is the units digit of 4549?
9
What is the hundreds digit of 84035?
0
What is the units digit of 1726?
6
What is the ten thousands digit of 52777?
5
What is the hundreds digit of 19509?
5
What is the tens digit of 2501?
0
What is the tens digit of 462?
6
What is the hundreds digit of 5571?
5
What is the units digit of 981?
1
What is the tens digit of 11314?
1
What is the tens digit of 1092?
9
What is the tens digit of 266?
6
What is the tens digit of 3737?
3
What is the thousands digit of 1155?
1
What is the tens digit of 1061?
6
What is the tens digit of 759?
5
What is the tens digit of 1753?
5
What is the hundreds digit of 96623?
6
What is the tens digit of 8956?
5
What is the hundreds digit of 10792?
7
What is the hundred thousands digit of 105640?
1
What is the tens digit of 4323?
2
What is the units digit of 6209?
9
What is the tens digit of 10384?
8
What is the ten thousands digit of 34737?
3
What is the thousands digit of 3251?
3
What is the tens digit of 7462?
6
What is the tens digit of 81108?
0
What is the hundreds digit of 1915?
9
What is the tens digit of 12025?
2
What is the tens digit of 2039?
3
What is the hundreds digit of 9021?
0
What is the thousands digit of 21269?
1
What is the tens di